What is the units digit of y(1)?
9
Let t be (52/6)/((-2)/3). Let l(f) = -2*f - 17. Let p be l(t). Let m(n) = 3*n - 3. What is the units digit of m(p)?
4
Let y be (-3 + 0 - -2)*-17. Suppose -22*b + y*b = -415. What is the units digit of b?
3
Suppose -7*w + 925 = -6033. What is the hundreds digit of w?
9
Let z be -35*(1 - (-2 + 4)). Suppose -z + 465 = 5*w. What is the units digit of w?
6
Suppose 0 = 20*p - 3480 + 600. What is the tens digit of p?
4
Suppose 0 = -2*p + 4, -5*x + 0*p - 4*p + 33 = 0. Suppose -x*c - 88 + 493 = 0. What is the tens digit of c?
8
What is the tens digit of 50/40*(-6 + 2) - -3268?
6
Let y(j) = 213*j**2 + 2*j - 3. What is the hundreds digit of y(1)?
2
Let p be 93 - ((1 - 2) + -3). Let y = 151 - p. What is the tens digit of y?
5
Let q(a) = -22*a**3 + 2*a**2 - 30*a - 160. What is the thousands digit of q(-5)?
2
Suppose r = -5*m + 462, -5*r = 3*m - 0*m - 286. Suppose -3*i + m = -0*i - 4*c, -5*c + 18 = i. Suppose -4*n + 52 + i = 0. What is the units digit of n?
0
Let k = 292 + -52. What is the tens digit of k?
4
Let p(b) = b**2 - 6*b - 14. Suppose 2*q - 10 = z + 4*z, -18 = -2*q + z. What is the tens digit of p(q)?
2
Let m(i) = 88*i**2 + 3*i + 2. Let k be m(-2). Suppose k = 6*d - 2*d. What is the tens digit of d?
8
Suppose -m - l + 1 + 11 = 0, 5*l = -10. Suppose 5*z + m = 39. What is the units digit of z?
5
Let c(r) = r**2 - 4*r - 170. What is the units digit of c(49)?
5
Let c(s) = 4 - 2*s - 3 - 3 + s**2. What is the tens digit of c(8)?
4
Let y be (2/(-4))/((-260)/64 + 4). Suppose -6*o = -y*o + 92. What is the tens digit of o?
4
Let l = 13 - -459. What is the tens digit of l?
7
Let h = -168 + 904. What is the units digit of h?
6
Let k(y) = -16*y - 2. Let s be k(-1). Suppose -5*h - 4*j = -s, 0*h - j - 1 = -h. Suppose h = -d + 9. What is the units digit of d?
7
Suppose 3*u - l = 3 - 2, 4*l = -5*u - 4. Let k(y) = y + 4. Let z be k(u). Suppose -5*j - 12 = -z*c, 3*c + 2*j = 3*j + 20. What is the units digit of c?
8
What is the tens digit of -4 - 394*(8 - 10)?
8
Let j = -12 - -17. Let h be 12/j + 12/(-30). Suppose -6*u + 56 = -2*u - h*z, -4*z = -5*u + 64. What is the units digit of u?
6
What is the hundreds digit of 1508 + (14 - 10)*28/16?
5
Let d = 1226 - 692. What is the tens digit of d?
3
Suppose -3*i - 3*q = 0, 0*i + i = 4*q + 25. Suppose 0 = -2*u - 5*z + 340, 5*u + 56 = -i*z + 906. What is the units digit of u?
0
Suppose -5*h - 2 + 21 = a, -h - 13 = -4*a. What is the units digit of 790/(2 + h) - (0 - 0)?
8
Suppose -15 = -2*i - 5, 3*y - 4*i + 26 = 0. Let c be 27/(-9) - 28/y. Suppose 8*a - c*a = -48. What is the units digit of a?
6
Let q(n) = 3*n - 14. Let v be q(10). Let h = 8 + -20. Let x = v + h. What is the units digit of x?
4
Let c(v) = -v + 28. Let x be c(0). Suppose -x - 32 = 2*i. Let j = -7 - i. What is the tens digit of j?
2
Suppose 6*i - 9 = -33. What is the tens digit of ((-2538)/36)/(6/i)?
4
Let n(w) = -w**3 + 3*w**2 - 3*w + 1. Let l be n(2). Let c be -2 - l*(1 + 7). Let z = c - 5. What is the units digit of z?
1
Suppose 0 = -4*y + 4*k + 76, -47 = -2*y + 5*k - 0*k. Let t = y - 19. What is the tens digit of (-3)/2*64/t?
3
Suppose -2*i = 4*i - 2904. What is the tens digit of i?
8
Let t = 938 + -620. What is the tens digit of t?
1
Let v(h) = -h**3 + 2*h**2 + 3*h + 2. Suppose -6*z - 9 = -9*z. Let n be v(z). Suppose -o + 45 = 2*o + 3*g, n*o - 27 = g. What is the units digit of o?
4
Let s(z) = 14*z + 18. Let j be s(9). Suppose -2*b - j = -10*b. What is the units digit of b?
8
Let r(w) = 4*w**2 - 16*w + 24. Let f be r(6). Let l(t) = 13*t**3 - 2*t**2 - 3*t + 2. Let h be l(2). Suppose f = 4*q - h. What is the tens digit of q?
4
Suppose 3*z = 2*k - 1323, k = -2*z - 267 + 932. What is the units digit of k?
3
Suppose 0 = 3*f + f + 44. Let l = f + 8. What is the units digit of 2 - ((-1 - -3) + l)?
3
Let q = -485 - -297. Let t = q - -289. What is the tens digit of t?
0
Let b = 96 + -136. What is the units digit of 1 + 8/4 - b?
3
Let t be 154/(-6) - 6/(-9). Let h = t + 45. What is the units digit of h + 1 + -3 + 1?
9
Suppose 19 = 6*i + 1. Let m(g) = -3*g**2 + i*g - 6*g + g**2 + 1 + 3*g**3. What is the units digit of m(3)?
5
Let t = 6377 - 3767. What is the tens digit of t?
1
Suppose -g - v - 124 = 0, g + 2*v + 81 = -48. Let o = g - -209. What is the tens digit of o?
9
Let t(a) = -5*a + 35. Let g be t(7). Suppose 2*u = -2*u + 184. Suppose g = v + v - u. What is the units digit of v?
3
Let d = 174 - -1538. What is the units digit of d?
2
Let o = -3017 + 4324. What is the thousands digit of o?
1
Suppose 5*r + 2790 = 15250. What is the tens digit of r?
9
Let s(c) = -93*c + 229. What is the tens digit of s(-11)?
5
Suppose -t + 3*q - 71 = 0, 2*t + 178 = 2*q - 5*q. Let g = -21 - t. What is the units digit of g?
2
Suppose 100 = -3*w + w. Let y = w - -73. Suppose -g = -2*g + y. What is the units digit of g?
3
Let u be -3*16/(-12) - 2. What is the units digit of u - (-3)/((-12)/(-260))?
7
Let i be (27/(-45))/((-3)/15). Suppose -i*y = 6*z - z - 168, 0 = -3*y - z + 156. What is the units digit of y?
1
Suppose 7*d - 35558 = -39*d. What is the units digit of d?
3
Suppose 3*g - 2*w = 3*w - 69, -3*g - 4*w = 69. Suppose -7*j = -0*j + 231. Let z = g - j. What is the tens digit of z?
1
Suppose -5*p = 4*m - 1603, -2*m = 3*m + 4*p - 2015. What is the hundreds digit of m?
4
Suppose 0 = -2*a - 2*l + 4388, 0 = -10*a + 6*a - 5*l + 8772. What is the units digit of a?
8
Suppose 16*q - 2145 + 641 = 0. What is the units digit of q?
4
Let p = 893 + 2696. What is the tens digit of p?
8
Let w be 10/2*(-16)/(-10). Let c(f) = 4 - w - 3*f - 2*f**3 + 4*f**2 - 3*f**2 - 4*f**2. What is the units digit of c(-3)?
2
Let s(r) = -r**3 + r**3 - 2 + 2*r - 2*r**2 + 3*r**3 - 2*r**3. What is the tens digit of s(3)?
1
What is the hundreds digit of (6024 - -176)*1/2?
1
Let j be (-1 + 11)*(-2)/(-4). Suppose 0 = -5*k - 4*i + 35, 2*k - 175*i + 180*i = 14. Suppose 3*h = 5*b + k, -j*h + 6 = 5*b - 19. What is the units digit of h?
4
Let x(d) = -d**3 - 16*d**2 - 4*d - 14. Let p be x(-16). What is the units digit of (1 - 3/(-6))*p?
5
Let d(r) = 4*r - 14 + 9 + r**3 + 7*r**2 - 21*r**2. What is the tens digit of d(14)?
5
Let c(q) be the first derivative of 7*q - 1/3*q**3 + q**2 + 7. What is the units digit of c(3)?
4
Let w(o) be the first derivative of o**2/2 + 10*o + 1. Suppose 7 + 7 = 2*r. What is the tens digit of w(r)?
1
Suppose -w - 2*i + 36 = -5*w, -5*i - 30 = 5*w. Let j = 28 - w. What is the units digit of j?
6
Let s(x) = 2*x + 2. Let p be s(1). Suppose 4*g = 9*g, 56 = p*j + g. What is the tens digit of j?
1
Suppose -4*j + 4 = -2*j. Suppose -j*x + 67 = 2*v + 1, -105 = -4*x + 5*v. What is the units digit of x?
0
Let c be 54/(-12)*(-8)/(-6). What is the units digit of -4 + (-21)/c + 43/2?
1
Suppose 8 = 6*c + 8. Suppose -2*l + 2*m = -56, 2*l - 136 = -2*l - 4*m. Let j = c + l. What is the units digit of j?
1
Let v = 3386 + -1988. What is the hundreds digit of v?
3
Let v(u) = -u + 6. Let s be v(6). Suppose -12 = 3*b - s. Let y = 3 - b. What is the units digit of y?
7
Suppose -5*b + d + 343 = 0, 4*b - 5*d - 455 = -168. Let k = b - 31. What is the units digit of k?
7
Suppose -295 = w + 4*p, 2*w - 3*p = -w - 825. What is the units digit of w/(-5) + 8/(-10)?
5
Suppose 2*t - 4*s = 542, -260 - 23 = -t + 5*s. Suppose 4*c - 3*w + 723 = 0, t = 4*c + 3*w + 980. What is the tens digit of c/(-15) - (1 + -1)?
1
Let f(s) = 2*s**2 + 53*s + 97. What is the tens digit of f(-44)?
3
Let t be 1342/10 + (-1)/5. Let b = t - 70. What is the units digit of b?
4
Let m(l) = -44*l + 4190. What is the tens digit of m(0)?
9
Suppose 3*f + 9*n = 4*n + 234, -4*n = -2*f + 156. What is the tens digit of f?
7
Suppose -4*s + 3*q = 4*q + 37, s - 2 = -4*q. What is the units digit of (s/(-15) - -1)*18?
0
Let b = -874 - -3812. What is the thousands digit of b?
2
What is the hundreds digit of 6439/3 + 46/(-138)?
1
Let s(y) = -y**3 - 5*y**2 + 27*y + 13. Let i be s(-8). Let q be (-3)/(-2)*(-8)/(-1). Let g = i + q. What is the units digit of g?
1
Suppose -26 = -2*d + 4*v, d = -4*d + 5*v + 45. Let c = 9 + -6. Suppose 2*p + 2*q + 13 = 3*p, c*q + 37 = d*p. What is the units digit of p?
5
Let d be -4*-2*(-101)/(-8). Suppose -i + 20 = -d. What is the tens digit of i?
2
Let w = 31 + -27. Suppose h = 3, -w*j = -0*h - h - 1. What is the 